. Let z be i(-10). Let c(x) = -x**2 - x + 13. Let y(s) = -2*s**2 - 2*s + 26. Let w(k) = z*c(k) - 2*y(k). What is w(0)?
13
Let f(k) be the first derivative of 1 + 5/3*k**3 + 0*k + 1/2*k**2. What is f(-1)?
4
Let p be ((-6 + 30)/(-6))/((-4)/5). Let v(t) = -t**2 + 6*t - 7. Determine v(p).
-2
Let p(b) be the first derivative of b**7/840 - b**6/360 + b**4/12 + 8*b**3/3 + 27. Let k(d) be the third derivative of p(d). Let o = 1 - -1. What is k(o)?
6
Let o(l) = 5*l - 6. Suppose 3*y + 5*q - 119 = 0, 5*q = y - 2 - 11. Let g = 39 - y. What is o(g)?
24
Let c(v) = 6*v + 1. Suppose -3*j + 3 = f, 0 = -5*f + 2*f + 4*j - 17. Calculate c(f).
-17
Let s(g) = g - 2. Suppose 3*i + 65 = -10*i. Give s(i).
-7
Suppose -4*t = -4*j + 612, 23 = -3*j - 2*t + 477. Let v(b) = 8 - j*b + 2 + 153*b. Determine v(-6).
4
Let y(p) = -3*p**3 - 3*p**2 + 9*p + 8. Let w(q) = 2*q**3 + 4*q**2 - 8*q - 7. Let j(z) = -4*w(z) - 3*y(z). Give j(4).
-24
Let l(i) = -3 - 58*i + 22*i - 2*i**2 + 0 + 22*i + 17*i - i**3. Determine l(-4).
17
Let r(o) = -8*o - 1. Let m(t) = -19*t - 6. Let l(z) = -m(z) + 2*r(z). Calculate l(-6).
-14
Suppose 0 = -2*h - 5*x + 35, -5*h + 47 + 3 = 5*x. Suppose -h*s = -s. Let m(t) = s - t + 0 + 7 - t**2 + 0*t**2 - t**3. Calculate m(0).
7
Let i(t) = -5*t**2 - 167*t - 56. Let f be i(-33). Let c(h) = -h + 11. Give c(f).
1
Let m = -38 - -42. Let t be 2*(10/(-4) + m). Let a(k) = -3*k**2 - 2*k**2 + 9*k - 2*k**2 - k**t + 0*k**2 + 4. Calculate a(-8).
-4
Let b(p) = 53*p**2 + 2*p + 2. Let d be b(0). Let c(u) be the first derivative of -4*u**3/3 + u**2 + 2*u + 1. Give c(d).
-10
Let p(s) = -3*s + s + 4*s - 6 + 2. Let f be 9/45 - 154/(-5). Suppose -2*a + a = 5*c - f, 4*a + 14 = 3*c. Calculate p(c).
8
Let y(f) = -f**2 - f + 1. Let i be (-16)/((-16)/(-4)) + -1 + 5. Give y(i).
1
Let x(n) = -40*n**2 - 9*n - n**3 - 5 - 30*n**2 - 32*n**2 + 93*n**2. Determine x(-8).
3
Let c(t) = -13*t. Suppose 0*n = 5*n + 5. What is c(n)?
13
Let c(q) = -2*q + 19. Suppose 2*b - 19 = 3*g, 0 = 2*b - b - 4*g - 12. Give c(b).
3
Let y(x) = x**3 - 3*x**2 + x + 4. Let u(q) = -16*q - 334. Let v be u(-21). Determine y(v).
2
Let y(o) = -o**3 + 7*o**2 - 7*o + 1. Let h be y(6). Suppose -4*w + 11*w = 84. Let a(b) = -w*b + 8*b + 2*b + 3. Calculate a(h).
13
Let s(h) = -3*h - 11. Let g(l) = 6*l + 19. Let w(r) = 3*g(r) + 5*s(r). Give w(2).
8
Let z = -88 + 102. Let q(d) = -4 - z*d + 5*d - 14*d**3 - 2*d**2 + 3 + 7*d. What is q(-1)?
13
Let w(v) = 17*v**3 + v**2 + 5*v - 10. Let y(r) = 14*r**3 + 4*r - 8. Let x(b) = 5*w(b) - 6*y(b). Suppose 5 + 4 = -3*c. Determine x(c).
13
Let j(g) be the second derivative of -g**3/2 + 17*g**2/2 + 40*g. What is j(6)?
-1
Let x(i) = -i**3 + 8*i**2 + 2*i - 14. Let m be (-213)/(-18) - 4 - 2/(-12). Give x(m).
2
Suppose 5*m + 23 = 2*a, -3*m - 53 = -2*a - 8*m. Suppose 2*x + h + a = 0, -h + 0*h - 43 = 5*x. Let p(d) = -d**2 - 7*d - 2. Give p(x).
-10
Let r(w) be the second derivative of 0*w**3 - 1/12*w**4 + 0*w**2 + 8*w + 0. What is r(-3)?
-9
Let z(v) = v**2 + 0*v**2 + 7*v - 5*v + 0*v**2. Let s be -3 - (28/8)/(2/(-4)). Suppose 5*x + 21 = 2*u + 1, -s*u + 18 = x. Determine z(x).
0
Let w(k) = 9*k + 1. Suppose g - 18 + 19 = 0. Calculate w(g).
-8
Suppose -2*j = -j. Suppose j*k - 4*k = l - 18, -2*k = -2*l - 4. Let z(o) = o + 8 - 4*o + k*o - 7. Determine z(0).
1
Let z(f) = -3*f - 20. Let m be (-153)/18 - (-4 - (-27)/6). Give z(m).
7
Let y(p) be the first derivative of -p**4/4 + 4*p**3/3 + 9*p**2/2 - 34*p - 231. Give y(4).
2
Let g(q) = 7*q + 2. Suppose -78*d - 32 = -94*d. Give g(d).
16
Let n(a) = 4*a**2 + 3*a + 3. Let i be n(-1). Suppose 5*b - 17 = t + 1, 5*b - 4*t - 27 = 0. Let h(m) = 5*m - i*m**3 - 1 - 6*m + 5*m**b + m**2. What is h(-1)?
0
Let x(r) be the first derivative of 0*r**2 + 1/3*r**3 + r - 15. Calculate x(-2).
5
Suppose 68 - 12 = -8*a. Let v(g) = 5*g**2 - 9*g - 3. Let k(y) = -4*y**2 + 9*y + 4. Let s(c) = 6*k(c) + 5*v(c). What is s(a)?
-5
Let n(x) = 18*x**2 - 10*x + 10. Let s(p) = 3*p**2 - 1. Let u(i) = n(i) - 5*s(i). Determine u(6).
63
Suppose -2*v - 2*v = 0. Let b(h) = -h**3 + h**2 + h + 1. Calculate b(v).
1
Let v be 30/12 + (-3)/2 + 0. Let z(b) be the first derivative of 2*b**3/3 - 6. What is z(v)?
2
Let g(i) = 2*i**2 + 21*i + 24. Let v be g(-9). Let u(c) be the second derivative of c**3/3 + 3*c**2/2 + 10*c. Determine u(v).
-3
Let t(a) be the first derivative of -4*a**2 + 4*a + 598. Calculate t(1).
-4
Let f(d) = d**2 - 5*d - 15. Suppose -43 = -4*p + 49. Suppose -5*m = -12 - p. Let x be f(m). Let o(k) = 5*k - 1. What is o(x)?
-6
Let j(q) = -3*q - 8. Let i(l) = 2*l + 3. Let h(d) = -5*i(d) - 2*j(d). Let a(n) = n**3 - n**2 - n - 1. Let z be a(0). Let b = 3 + z. What is h(b)?
-7
Let w(y) = 7*y + 9. Let g(f) = 13 + 14 - 26. Let c be (-2)/5 + (-64)/(-10). Let t(d) = c*g(d) - w(d). Calculate t(-2).
11
Suppose -16*m - 125 = -41*m. Let p(q) be the second derivative of -1/12*q**4 - 7/2*q**2 + q**3 + 0 + 2*q. Calculate p(m).
-2
Suppose -2*b = 5*h + 10 - 3, -2*h - 6 = 4*b. Let x(p) = -p**2 + 8*p + 1. Let c(y) = -12*y**2 + 31*y + 4. Let n(a) = -c(a) + 4*x(a). Give n(b).
7
Let y(b) = -2*b**3 - 18*b**2 + 18*b - 24. Let v be y(-10). Let l(s) = -s**2 - s - 2. What is l(v)?
-14
Let a(w) = w**3 - 7*w**2 + 5*w + 5. Let g be (2/(-6) - (-1 - 0))*6. Suppose 0*r = g*p - r - 23, 0 = -p - 5*r + 11. Calculate a(p).
-1
Let g(p) = -p**3 - 7*p**2 - 8*p - 8. Suppose 18 = -11*x + 12*x. Let n be (1/(-3))/(2/x) - 3. Determine g(n).
4
Let s = -33 - 3. Let j = -32 - s. Let i(g) = g**3 - 5*g**2 - 5*g + 4. Give i(j).
-32
Let n(v) = -v + 7. Let a(s) = -2*s + 5. Let o be a(0). Give n(o).
2
Let d(v) be the second derivative of -v**3/6 + 9*v**2/2 + 116*v. Calculate d(12).
-3
Suppose 17 = -12*k - 43. Let n(b) = -b - 9. Give n(k).
-4
Let p(z) = 5*z**2 + 8 - z**3 + 0*z**3 - 4*z + 9*z. Suppose 6 + 10 = 4*u, 0 = -3*y + 3*u + 6. Let d be p(y). Let c(m) = 3*m**2 - 3*m. Calculate c(d).
6
Suppose -4*y - 14 = -2. Let t be -4 - (-1)/(y/(-12)). Let k(b) = b**2 + b + 12. Give k(t).
12
Let c(o) = -8*o - 5. Let k(a) = -2*a + 3. Let h(d) = -2*c(d) + 4*k(d). Give h(-2).
6
Let f(z) = 5*z + 9 + 13 + z**3 - 24 - 3*z**2. Let k be f(2). Let u(g) = 2*g - 3. What is u(k)?
5
Let g(r) = 2*r + 9 - 48*r**2 - 51*r**2 + 95*r**2 - r**3. Determine g(-5).
24
Let z = -8 + 8. Let o(p) = -2*p + 7 + p + z*p. Let l = 11 + -6. Determine o(l).
2
Let u(s) = -65*s**3 - 5*s**2 + 41*s**3 + 5*s - 6 + 23*s**3. Calculate u(-6).
0
Let u(t) be the third derivative of t**5/60 - t**4/8 + 2*t**3/3 - t**2. Let w = -67 + 71. Give u(w).
8
Let g(i) = 8*i - 4. Suppose -2*m + 7*m + 35 = 5*v, 0 = -2*v + 4*m + 20. Calculate g(v).
28
Let f(c) be the third derivative of 5*c**2 - 1/3*c**3 + 0*c - 1/12*c**5 + 1/4*c**4 + 0 + 1/120*c**6. Let j be (-14)/(-4) + 4/8. What is f(j)?
6
Let g(a) be the second derivative of a**3/2 + 3*a**2 - 9*a + 14. Calculate g(9).
33
Suppose 5*z = 0, -j = j + 5*z + 8. Let o = j + 4. Let t(u) = u**2 + 3. Let i be t(o). Let a(q) = -q**2 - q + 4. Calculate a(i).
-8
Let u be 5 + ((-276)/6 - -4). Let w = 38 + u. Let z(t) = -t + 2. Give z(w).
1
Let x(d) = -d + 3. Let l(a) = -a**3 - a**2 - a + 2. Let y be l(-2). Let s = 53 - y. Suppose -2*g - 4 = -g - 2*p, 5*g = -3*p + s. Calculate x(g).
-3
Let i(o) be the first derivative of 5*o**2/2 - 4*o + 123. Calculate i(-4).
-24
Let z(v) be the second derivative of -v**5/120 + v**4/12 - 2*v**3 - 3*v. Let s(y) be the second derivative of z(y). What is s(-2)?
4
Let s(l) = -2*l - l + 2*l + 3*l - 8*l + 2. Determine s(4).
-22
Let x(l) = l**3 - l**2 - l. Let a(r) be the second derivative of 3*r**5/10 - 13*r**4/12 + r**3/3 - 2*r**2 - 13*r. Let y(w) = -a(w) + 5*x(w). Determine y(7).
4
Let q(h) be the third derivative of h**5/60 + h**4/8 - 2*h**3/3 + h**2. Suppose -48*r - 21 = -41*r. What is q(r)?
-4
Let n(u) = 2*u**3 + u**2 + 4. Let i(p) = -p**3 - 2*p**2 - p - 4. Let k(a) = -3*i(a) - 2*n(a). Let x = 211 + -206. Determine k(x).
-6
Let z(t) = t - 2. Let r(o) = o**2 + 4*o - 5. Suppose n - 1 = -6. Let k be r(n). Suppose 3*c + c = -2*s - 4, 5*s + 2*c + 2 = k. Give z(s).
-2
Let y(h) be the second derivative of 3*h**5/10 - h**3/6 - 42*h - 2. Give y(-1).
-5
Let n(a) = -a**2 - 5*a + 4. Let j be n(-5). Let l(g) be the first derivative of g**2/2 + g - 136. Determine l(j).
5
Let m(h) be the second derivative of -h**5/20 + 5*h**4/6 + 13*h**3/6 - 11*h**2/2 + 250*h + 1. 